Let c be k(-2). Suppose -2*r = -r - 56. Calculate the remainder when r is divided by 1/(4/8*(-4)/c).
11
Suppose 6*h = 2*h + 308. Let u(l) = 117*l**3 + 8*l - 3. Let a be u(2). Let z = a + -933. Calculate the remainder when h is divided by z.
13
Let i be ((-44)/(-33))/(5/(-174))*-5. Suppose f + 2*y + 0*y - 115 = 0, 2*f + 3*y = i. Calculate the remainder when f is divided by 42.
35
Let h(j) = 2*j**2 - 11*j + 251. Calculate the remainder when h(18) is divided by 32.
29
Let p(c) = c**3 + 24*c**2 + 133*c - 20. Let u = 0 - -7. What is the remainder when p(-15) is divided by u?
3
Let z(g) = -93*g**3 + 263*g**2 + 4*g - 5. Let d(q) = 9*q**3 + q**2 + 2. Calculate the remainder when z(2) is divided by d(2).
77
Suppose -2*j + 5 = -w - 3, 4 = 2*w + j. Suppose w = -4*k - 8, 0*d - 2*k + 4 = 4*d. What is the remainder when d is divided by 2?
0
Suppose 2*f = -12*j + 17*j - 44640, 0 = j + 3*f - 8928. Calculate the remainder when j is divided by 38.
36
Suppose 0 = -4*i - 191 + 651. Let u = i - 55. Let p = -7 + u. Calculate the remainder when p is divided by 27.
26
What is the remainder when (135320/16)/(-17)*-2 is divided by 167?
160
Suppose 2*k = w + 3*k + 161, -k = 4. Let q = w + 208. What is the remainder when 353 is divided by q?
47
Let h = -4 + 3. Let l be 2 + 0 + (-2)/h. Suppose -2*p - 6 = -l, 4*p + 37 = 3*b. What is the remainder when b is divided by 4?
3
Let u(f) be the first derivative of f**4/2 - 8*f**3/3 - 11*f**2 + 14*f + 1. Let y(q) = 7*q + 1. Calculate the remainder when u(6) is divided by y(2).
11
Suppose -m + 2*m - 3 = 0. Suppose 12 + 0 = m*a. What is the remainder when -32*2/(-2) + (-11 - 154/(-11)) is divided by a?
3
Suppose m - 15 = 3*q + 49, -m = q - 36. Calculate the remainder when 159 is divided by m.
30
Let f(t) = t**3 - 5*t**2 + 8*t + 13. What is the remainder when 527 is divided by f(5)?
50
Let q = -7138 - -7194. Calculate the remainder when 173 is divided by q.
5
Let w(n) = -25*n**2 + 2*n - 3. Let g be w(2). Let u(i) = -8*i**2 - 21*i - 3. What is the remainder when 5*g/15*-1 is divided by u(-2)?
5
Suppose 207*i - 205*i - 182 = -5*l, 3*i - l - 341 = 0. Suppose 2*p = -3*p + 15. Calculate the remainder when i is divided by p.
0
Let a(x) = 4149*x + 24999. What is the remainder when a(-6) is divided by 1/(3/(-58))*-3?
47
Calculate the remainder when 181 is divided by ((-3)/(-6)*4)/(-6 - 441/(-72)).
5
Calculate the remainder when 282 + (-2)/(1 + 1) is divided by (-4)/5*1*440/(-16).
17
Let j = 2348 - 304. Calculate the remainder when j is divided by 10.
4
Let u = 1238 - 1253. Let l(h) be the third derivative of h**5/60 + h**4/2 + 5*h**3/3 + h**2. What is the remainder when l(u) is divided by 28?
27
Suppose -5*k + 39 = -16. Suppose 4*s = 634 + 482. What is the remainder when (s/252 - (-1)/(-4))*49 is divided by k?
9
Suppose 41*r - 34*r - 4151 = 0. Suppose -110 = -19*a + r. Calculate the remainder when 294 is divided by a.
35
Let q = 519 - 449. What is the remainder when 191 is divided by q?
51
Let a(c) = c**3 + 13*c**2 - 66*c + 60. What is the remainder when 1870 is divided by a(-17)?
24
Suppose 623 = 4*b + 5*l, 3*b - 3*l = -0*l + 447. Let j = -243 + b. Let r = -58 - j. What is the remainder when 128 is divided by r?
29
Let f(g) = 9*g**3 - 45*g**2 + 101*g - 492. Suppose 0*p = -4*p + 232. Calculate the remainder when p is divided by f(5).
6
Let k = -46 - -62. Calculate the remainder when 58 + 3*(-20)/15 is divided by k.
6
Suppose 0 = 2*h + 2*u - 6, 5*u + 6 = -2*h + 9*u. What is the remainder when 31 is divided by 3060/252 + h/(-7)?
7
What is the remainder when 2698 is divided by 168590/9890 + (4/86)/(-1)?
12
Suppose -2*f - 1930 = -3*y, -702*f + 707*f - 3175 = -5*y. Calculate the remainder when y is divided by 82.
66
Let d(k) = -k**3 - 5*k**2 + 163*k + 200. Let r be (0 + (-1)/(-2))*-2. Let u(o) = -6*o**3 - o**2. What is the remainder when u(r) is divided by d(-15)?
0
Let m(j) = j**2 - 15*j + 20. Let z be m(14). Suppose 226 - z = 5*o. What is the remainder when o is divided by 23?
21
Let o = 73 - 61. Suppose -6 + 3 = 3*i, 4*i = -3*j + 281. Let y = j + -76. Calculate the remainder when y is divided by o.
7
Suppose 152*l + 3406 = 165*l. Suppose -l*y + 64 = -260*y. Calculate the remainder when 223 is divided by y.
31
Let j = 3 + 3. Suppose -j*q + 5*q - 139 = -2*t, 3*t + 5*q = 202. What is the remainder when t is divided by 27?
15
Suppose w - 22 = 2. Let j = 974 - 492. Suppose 0*t + 367 = 4*s - 3*t, -5*s + j = 4*t. What is the remainder when s is divided by w?
22
Let n(x) = -4*x**2 + 54*x + 6. What is the remainder when 186 is divided by n(13)?
26
Let x = 85 - 88. Let b(i) = i + 72. Calculate the remainder when b(-9) is divided by (16/x)/((-23)/69).
15
Let p be -60*-22*5/20. Let i = -277 + p. Let x(u) = -20*u - 1. Calculate the remainder when i is divided by x(-1).
15
Suppose -4*n = -12*n + 288. Suppose 0 = -3*m + 10*c - 14*c + 373, 5*c + 549 = 4*m. Calculate the remainder when m is divided by n.
23
Suppose r - 1235 = 3*w, -r + 151*w = 149*w - 1230. What is the remainder when r is divided by 13?
11
Let y(i) = 17*i**3 - 5*i**2 + 4*i - 6. Let g(x) = -25*x**3 + 8*x**2 - 6*x + 9. Let w(l) = -5*g(l) - 7*y(l). Calculate the remainder when w(3) is divided by 57.
6
Suppose -276134 = -230*c + 28*c. What is the remainder when 2738 is divided by c?
4
Let d(z) = z**3 - 9*z**2 - 3*z - 78. Let x be d(10). What is the remainder when 52 is divided by ((-63)/(-14))/((-4)/x)?
7
Let j(p) = p**3 - 9*p**2 + 15*p - 40. Let q be j(8). Let r(m) = m - 6. What is the remainder when 119 is divided by r(q)?
9
Suppose -3*y = -3*w + 1428, -5*w + y + 3*y + 2383 = 0. Suppose -2*g + 3*t = -w, 3*g + 5*t - 843 + 172 = 0. What is the remainder when g is divided by 47?
44
Let w = -147 + 144. Let r = w - -16. Calculate the remainder when 218 is divided by r.
10
Suppose -62*c + 295 = 47. Let j(n) = n**3 + 4*n**2 + 11*n - 32. Calculate the remainder when j(c) is divided by 52.
36
Let w be 620/5 - (16 - 10). Suppose -2*p = -2 - 2. Suppose 0 = p*r - w + 92. Calculate the remainder when 29 is divided by r.
3
Let r(j) = -14*j. Suppose 56925 = -190*w + 1225*w. Calculate the remainder when w is divided by r(-2).
27
Suppose -4*o - 69 + 377 = 0. Suppose -27 = 2*g + o. Calculate the remainder when 1/(-2) + (-754)/g is divided by 4.
2
Suppose -4*j - 5*x = -1174, -168*j + 169*j = 3*x + 285. Calculate the remainder when j is divided by 58.
1
Let x = 26 - 26. Suppose t + 8 - 11 = x. Let r = 129 + -100. What is the remainder when r is divided by t?
2
Let g = 24 - -120. Let r = -10 + g. Suppose -2*s - r = -4*l + 3*s, 66 = 2*l - 2*s. What is the remainder when 154 is divided by l?
30
Suppose -24 = 2*i - 4*i. Calculate the remainder when 42/(-308)*11*(-164)/6 is divided by i.
5
Suppose -5*m + 210 = 3*g, 22*m - 24*m + 115 = -5*g. Let o = 4 - 2. What is the remainder when (o*-43 + -1)/(-1) is divided by m?
42
Suppose -2*l - 3*l = -3*p - 3, 23 = l + 5*p. Suppose -6*c + 238 = 28*c. What is the remainder when 13 - (-2 + (12 - c)) is divided by l?
1
Suppose -237 = -37*j + 11*j + 101. Calculate the remainder when 41 is divided by j.
2
Let r = -8565 + 9638. What is the remainder when r is divided by 77?
72
Let v(y) = 5*y + 49. Let f(s) = s + 12. Let x(g) = -26*f(g) + 6*v(g). What is the remainder when 54 is divided by x(8)?
12
Let d(s) = 16*s + 1131. Calculate the remainder when ((-3408)/(-30))/((-3)/(-15)) - 4 is divided by d(-69).
24
Let u = 1140 - 1135. Let d(p) be the third derivative of 5*p**4/12 - 3*p**3 - 2*p**2. Calculate the remainder when 127 is divided by d(u).
31
Suppose -2*m - 185 - 59 = -y, 5*y - 5*m - 1245 = 0. What is the remainder when y is divided by 63?
2
Calculate the remainder when 3/4 + 4455/12 is divided by 359.
13
Let l(c) = 18*c + 1. Let h be 21285/225 - (-4)/10. Suppose 205*k - h = 200*k. What is the remainder when l(2) is divided by k?
18
Let r be 1/(3/285) - 4. Suppose -r = -y - x, 202 = 5*y - 3*y - 2*x. What is the remainder when y is divided by (4/(-1))/((-18)/63)?
12
Suppose 0 = 62*c - 101*c + 53*c - 266. What is the remainder when 23805 is divided by c?
17
Suppose 3*c = -c. Let i be (4 - c)*8/(-16). Calculate the remainder when 112 is divided by i - 15/(-6) - 74/(-4).
17
Suppose 16 = 22*h - 6*h. What is the remainder when h*(-11)/2*42/(-7) is divided by 20?
13
Let v(q) = -35*q + 